 is divided by 2?
1
Calculate the remainder when 2421 is divided by 202.
199
What is the remainder when 532 is divided by 141?
109
Calculate the remainder when 517 is divided by 37.
36
Calculate the remainder when 43 is divided by 3.
1
Calculate the remainder when 113 is divided by 38.
37
What is the remainder when 219 is divided by 20?
19
What is the remainder when 825 is divided by 14?
13
Calculate the remainder when 1628 is divided by 174.
62
What is the remainder when 18323 is divided by 98?
95
Calculate the remainder when 5090 is divided by 91.
85
What is the remainder when 22 is divided by 13?
9
Calculate the remainder when 195 is divided by 50.
45
Calculate the remainder when 7965 is divided by 32.
29
Calculate the remainder when 192 is divided by 70.
52
What is the remainder when 706 is divided by 6?
4
What is the remainder when 2939 is divided by 60?
59
What is the remainder when 359 is divided by 26?
21
What is the remainder when 83 is divided by 29?
25
Calculate the remainder when 104 is divided by 52.
0
What is the remainder when 151 is divided by 52?
47
Calculate the remainder when 172 is divided by 50.
22
Calculate the remainder when 316 is divided by 18.
10
Calculate the remainder when 62 is divided by 13.
10
Calculate the remainder when 738 is divided by 57.
54
What is the remainder when 2814 is divided by 9?
6
What is the remainder when 1011 is divided by 38?
23
What is the remainder when 8036 is divided by 12?
8
Calculate the remainder when 120 is divided by 29.
4
What is the remainder when 1077 is divided by 68?
57
What is the remainder when 138 is divided by 37?
27
Calculate the remainder when 47 is divided by 19.
9
What is the remainder when 166 is divided by 39?
10
What is the remainder when 122 is divided by 32?
26
Calculate the remainder when 642 is divided by 15.
12
Calculate the remainder when 99 is divided by 6.
3
What is the remainder when 235 is divided by 14?
11
Calculate the remainder when 173 is divided by 26.
17
Calculate the remainder when 863 is divided by 16.
15
Calculate the remainder when 826 is divided by 32.
26
What is the remainder when 2988 is divided by 743?
16
What is the remainder when 997 is divided by 7?
3
What is the remainder when 2915 is divided by 16?
3
What is the remainder when 634 is divided by 162?
148
What is the remainder when 12 is divided by 3?
0
What is the remainder when 484 is divided by 121?
0
Calculate the remainder when 121 is divided by 6.
1
Calculate the remainder when 34 is divided by 12.
10
Calculate the remainder when 1062 is divided by 56.
54
Calculate the remainder when 476 is divided by 60.
56
Calculate the remainder when 143 is divided by 41.
20
Calculate the remainder when 125 is divided by 39.
8
Calculate the remainder when 775 is divided by 259.
257
Calculate the remainder when 345 is divided by 104.
33
Calculate the remainder when 3474 is divided by 61.
58
Calculate the remainder when 131 is divided by 8.
3
What is the remainder when 162 is divided by 56?
50
Calculate the remainder when 46 is divided by 12.
10
Calculate the remainder when 205 is divided by 106.
99
What is the remainder when 166 is divided by 16?
6
Calculate the remainder when 43705 is divided by 196.
193
Calculate the remainder when 317 is divided by 81.
74
What is the remainder when 80 is divided by 2?
0
What is the remainder when 3016 is divided by 24?
16
Calculate the remainder when 252 is divided by 25.
2
What is the remainder when 239 is divided by 40?
39
Calculate the remainder when 3618 is divided by 38.
8
Calculate the remainder when 1061 is divided by 38.
35
Calculate the remainder when 61 is divided by 13.
9
What is the remainder when 667 is divided by 36?
19
Calculate the remainder when 381 is divided by 24.
21
Calculate the remainder when 1625 is divided by 328.
313
Calculate the remainder when 91 is divided by 23.
22
Calculate the remainder when 247 is divided by 12.
7
What is the remainder when 257 is divided by 26?
23
Calculate the remainder when 55 is divided by 32.
23
Calculate the remainder when 93 is divided by 80.
13
Calculate the remainder when 1181 is divided by 3.
2
What is the remainder when 1568 is divided by 522?
2
Calculate the remainder when 674 is divided by 9.
8
Calculate the remainder when 51 is divided by 11.
7
What is the remainder when 140 is divided by 17?
4
Calculate the remainder when 119 is divided by 42.
35
What is the remainder when 3425 is divided by 23?
21
Calculate the remainder when 287 is divided by 51.
32
Calculate the remainder when 404 is divided by 15.
14
What is the remainder when 599 is divided by 196?
11
Calculate the remainder when 1239 is divided by 69.
66
Calculate the remainder when 562 is divided by 113.
110
What is the remainder when 781 is divided by 305?
171
What is the remainder when 1235 is divided by 207?
200
What is the remainder when 2428 is divided by 27?
25
Calculate the remainder when 6253 is divided by 53.
52
Calculate the remainder when 560 is divided by 148.
116
Calculate the remainder when 2209 is divided by 14.
11
Calculate the remainder when 618 is divided by 96.
42
What is the remainder when 454 is divided by 114?
112
What is the remainder when 248 is divided by 50?
48
What is the remainder when 133 is divided by 34?
31
What is the remainder when 3466 is divided by 30?
16
Calculate the remainder when 286 is divided by 37.
27
What is the remainder when 226 is divided by 47?
38
What is the remainder when 749 is divided by 126?
119
Calculate the remainder when 1430 is divided by 179.
177
Calculate the remainder when 120 is divided by 5.
0
Calculate the remainder when 1070 is divided by 45.
35
What is the remainder when 6551 is divided by 82?
73
What is the remainder when 223 is divided by 193?
30
What is the remainder when 605 is divided by 34?
27
Calculate the remainder when 521 is divided by 27.
8
What is the remainder when 929 is divided by 154?
5
Calculate the remainder when 2495 is divided by 30.
5
What is the remainder when 1421 is divided by 178?
175
Calculate the remainder when 345 is divided by 58.
55
Calculate the remainder when 106 is divided by 104.
2
What is the remainder when 129 is divided by 78?
51
Calculate the remainder when 103 is divided by 55.
48
What is the remainder when 1820 is divided by 164?
16
What is the remainder when 57 is divided by 15?
12
What is the remainder when 294 is divided by 84?
42
What is the remainder when 2346 is divided by 22?
14
What is the remainder when 6407 is divided by 24?
23
What is the remainder when 81 is divided by 28?
25
Calculate the remainder when 155 is divided by 25.
5
Calculate the remainder when 93 is divided by 16.
13
What is the remainder when 347 is divided by 16?
11
Calculate the remainder when 1036 is divided by 490.
56
What is the remainder when 2376 is divided by 61?
58
Calculate the remainder when 549 is divided by 79.
75
What is the remainder when 7141 is divided by 188?
185
Calculate the remainder when 18 is divided by 12.
6
What is the remainder when 278 is divided by 10?
8
Calculate the remainder when 4436 is divided by 193.
190
Calculate the remainder when 1727 is divided by 51.
44
Calculate the remainder when 44 is divided by 42.
2
What is the remainder when 80 is divided by 14?
10
What is the remainder when 1854 is divided by 58?
56
What is the remainder when 76 is divided by 25?
1
Calculate the remainder when 577 is divided by 99.
82
Calculate the remainder when 4332 is divided by 51.
48
Calculate the remainder when 289 is divided by 76.
61
Calculate the remainder when 39 is divided by 27.
12
What is the remainder when 103 is divided by 26?
25
Calculate the remainder when 202 is divided by 43.
30
What is the remainder when 54 is divided by 25?
4
What is the remainder when 1680 is divided by 1674?
6
Calculate the remainder when 47 is divided by 12.
11
What is the remainder when 1403 is divided by 26?
25
Calculate the remainder when 105 is divided by 28.
21
What is the remainder when 652 is divided by 52?
28
Calculate the remainder when 60 is divided by 21.
18
What is the remainder when 8 is divided by 8?
0
What is the remainder when 157 is divided by 35?
17
Calculate the remainder when 5388 is divided by 154.
152
Calculate the remainder when 3922 is 